2, 5, 103, 317773
List the prime factors of 32464974.
2, 3, 5410829
List the prime factors of 393981408.
2, 3, 97, 1567
What are the prime factors of 81164116?
2, 11, 1087, 1697
What are the prime factors of 259388045?
5, 7, 7411087
What are the prime factors of 769819433?
59, 13047787
List the prime factors of 866648519.
11, 317, 248537
List the prime factors of 563006792.
2, 59, 1192811
List the prime factors of 21040379.
109, 193031
List the prime factors of 2326203485.
5, 67, 1619, 4289
What are the prime factors of 717588887?
17, 42211111
List the prime factors of 12543934.
2, 13, 53, 9103
List the prime factors of 64799691.
3, 11, 37, 73, 727
What are the prime factors of 37948618?
2, 43, 441263
List the prime factors of 1033411436.
2, 17, 23, 223, 2963
What are the prime factors of 121930525?
5, 4877221
What are the prime factors of 13573002?
2, 3, 439, 5153
What are the prime factors of 77672284?
2, 19418071
List the prime factors of 332039706.
2, 3, 19, 983, 2963
What are the prime factors of 90708122?
2, 53, 855737
What are the prime factors of 1467674853?
3, 331, 1478021
What are the prime factors of 83967449?
83967449
List the prime factors of 16750531.
7, 691, 3463
List the prime factors of 88627476.
2, 3, 7, 19, 7933
What are the prime factors of 150047350?
2, 5, 3000947
List the prime factors of 3292970962.
2, 313, 5260337
What are the prime factors of 38771602?
2, 439, 44159
List the prime factors of 106514388.
2, 3, 31, 95443
What are the prime factors of 219283693?
19, 109, 105883
What are the prime factors of 554119578?
2, 3, 30784421
What are the prime factors of 177256776?
2, 3, 19, 41, 499
List the prime factors of 45987379.
173, 241, 1103
List the prime factors of 692420029.
7, 677, 20873
List the prime factors of 403856136.
2, 3, 5609113
List the prime factors of 56494958.
2, 13, 29, 31, 2417
What are the prime factors of 181516763?
73, 2486531
What are the prime factors of 1200157038?
2, 3, 3319, 20089
List the prime factors of 3474275087.
1129, 3077303
What are the prime factors of 377682988?
2, 19, 821, 6053
List the prime factors of 34860349.
29, 1202081
List the prime factors of 78680133.
3, 7, 59471
What are the prime factors of 49326921?
3, 7, 31, 8419
What are the prime factors of 29139396?
2, 3, 11, 13, 16981
What are the prime factors of 62353326?
2, 3, 7, 19, 78137
List the prime factors of 929518557.
3, 11, 229, 123001
What are the prime factors of 751624188?
2, 3, 7, 47, 61, 3121
What are the prime factors of 670576668?
2, 3, 199, 280811
List the prime factors of 3434337909.
3, 17, 22446653
What are the prime factors of 678733078?
2, 733, 462983
List the prime factors of 57923672.
2, 29, 249671
List the prime factors of 1178435526.
2, 3, 757, 259453
List the prime factors of 100785679.
43, 157, 14929
List the prime factors of 799940836.
2, 199985209
List the prime factors of 2486122690.
2, 5, 1811, 137279
List the prime factors of 170681941.
71, 2403971
What are the prime factors of 316148670?
2, 3, 5, 390307
List the prime factors of 211371732.
2, 3, 11, 13, 19, 2161
What are the prime factors of 163523701?
11, 14865791
List the prime factors of 63743729.
7, 71, 128257
List the prime factors of 3025471071.
3, 7, 31, 2011, 2311
List the prime factors of 148057550.
2, 5, 31, 59, 1619
List the prime factors of 105966821.
61, 1737161
List the prime factors of 1392644058.
2, 3, 13, 139, 128449
List the prime factors of 7639634389.
31, 246439819
What are the prime factors of 490219974?
2, 3, 313, 87011
List the prime factors of 4490669189.
4490669189
List the prime factors of 35928941.
29, 281, 4409
List the prime factors of 41923032.
2, 3, 743, 2351
List the prime factors of 36566835.
3, 5, 149, 16361
List the prime factors of 1479027900.
2, 3, 5, 7, 704299
What are the prime factors of 659812905?
3, 5, 19, 61, 4217
What are the prime factors of 499679502?
2, 3, 7, 541, 21991
List the prime factors of 616996533.
3, 97, 2120263
What are the prime factors of 606202481?
4357, 139133
List the prime factors of 79185514.
2, 41, 965677
List the prime factors of 377045061.
3, 41, 109, 28123
What are the prime factors of 6437406662?
2, 3691, 872041
What are the prime factors of 35117537?
7, 13, 385907
List the prime factors of 213585086.
2, 11, 13, 67891
What are the prime factors of 879680937?
3, 397, 677, 1091
What are the prime factors of 60994363?
331, 184273
What are the prime factors of 1349596794?
2, 3, 7, 13, 1481, 1669
What are the prime factors of 33058846?
2, 17, 972319
List the prime factors of 151674932.
2, 43, 101, 8731
What are the prime factors of 1233228912?
2, 3, 25692269
List the prime factors of 798060792.
2, 3, 101, 329233
What are the prime factors of 42438470?
2, 5, 67, 97, 653
List the prime factors of 4830766360.
2, 5, 7, 23, 750119
What are the prime factors of 27964431?
3, 11, 25679
What are the prime factors of 763411205?
5, 53, 2880797
List the prime factors of 86047500.
2, 3, 5, 7, 11, 149
What are the prime factors of 456679986?
2, 3, 7, 271, 40123
List the prime factors of 74801921.
17, 53, 61, 1361
List the prime factors of 777042033.
3, 259014011
What are the prime factors of 621832099?
7, 83, 152897
List the prime factors of 59366011.
71, 811, 1031
List the prime factors of 48566196.
2, 3, 7, 227, 283
List the prime factors of 1548089113.
673, 2300281
What are the prime factors of 50625936?
2, 3, 239, 1471
What are the prime factors of 2127945156?
2, 3, 177328763
List the prime factors of 206704746.
2, 3, 11483597
What are the prime factors of 1287534377?
31, 67, 71, 8731
What are the prime factors of 129095672?
2, 577, 27967
List the prime factors of 2314690546.
2, 7, 257, 487, 1321
List the prime factors of 75569923.
11, 13, 83, 6367
What are the prime factors of 461392823?
383, 1204681
List the prime factors of 91033266.
2, 3, 17, 47, 1117
What are the prime factors of 2864824011?
3, 7, 1303, 11633
List the prime factors of 85663372.
2, 173, 123791
What are the prime factors of 2157740933?
313, 617, 11173
What are the prime factors of 7383008?
2, 230719
List the prime factors of 244165066.
2, 61, 2001353
What are the prime factors of 21277350?
2, 3, 5, 15761
List the prime factors of 47934716.
2, 107, 111997
What are the prime factors of 91384142?
2, 269, 169859
What are the prime factors of 787420826?
2, 41, 131, 73303
What are the prime factors of 110620977?
3, 36873659
What are the prime factors of 6440994?
2, 3, 7, 17, 31, 97
What are the prime factors of 56947834?
2, 1019, 27943
What are the prime factors of 113965017?
3, 311, 122149
List the prime factors of 655025892.
2, 3, 54585491
List the prime factors of 47890876.
2, 11, 23, 37, 1279
What are the prime factors of 26480447?
7, 3782921
What are the prime factors of 15450941?
11, 37, 37963
List the prime factors of 177405951.
3, 59135317
What are the prime factors of 1583048?
2, 433, 457
List the prime factors of 123572682.
2, 3, 47, 181, 269
List the prime factors of 497450620.
2, 5, 24872531
What are the prime factors of 761081365?
5, 11, 29, 83, 5749
List the prime factors of 101499519.
3, 11, 279613
What are the prime factors of 175257726?
2, 3, 7, 17, 389, 631
List the prime factors of 15345347.
23, 109, 6121
List the prime factors of 308693849.
37, 83, 100519
List the prime factors of 670887499.
670887499
List the prime factors of 5267384723.
5741, 917503
List the prime factors of 17245573.
17245573
List the prime factors of 144357180.
2, 3, 5, 11, 218723
What are the prime factors of 101566520?
2, 5, 11, 230833
What are the prime factors of 692651022?
2, 3, 7, 29, 568679
What are the prime factors of 42086457?
3, 7, 71, 97
What are the prime factors of 1009468756?
2, 823, 306643
List the prime factors of 986156302.
2, 191, 2581561
List the prime factors of 279279892.
2, 23, 601, 5051
List the prime factors of 326751715.
5, 65350343
What are the prime factors of 5388135779?
13, 23, 67, 101, 2663
What are the prime factors of 151465113?
3, 937, 5987
What are the prime factors of 68010150?
2, 3, 5, 13, 34877
List the prime factors of 55786913.
7, 13, 163, 3761
List the prime factors of 1488417771.
3, 5693, 87149
What are the prime factors of 104437737?
3, 19, 101, 6047
List the prime factors of 3381600468.
2, 3, 19,